-12). Is c(y) composite?
False
Let q be 0 - -2 - 288/3. Let s = q - -191. Let g = 0 + s. Is g prime?
True
Let w(o) = o**3 + 8*o**2 + 1. Let q be w(-8). Let k be (4 - 1)/q - 3. Suppose k = -d - 106 + 395. Is d a composite number?
True
Suppose 104 = -4*g + 3*h + 2076, -4*g - 3*h + 1996 = 0. Suppose 3*s - 531 - g = -b, -1356 = -4*s + 2*b. Is s composite?
True
Let d be (-51)/(-12) + (-2)/8. Suppose d*a = 12*a - 568. Is a a prime number?
True
Suppose -4*r - 3*u - 40 = 0, -5*u + 0 - 20 = 2*r. Let k(l) = 60*l - 6. Let h be k(r). Let w = h + 1147. Is w composite?
False
Let h(b) = b**3 + 6*b**2 + 2*b + 12. Let l be h(-6). Suppose o + 8 - 396 = l. Suppose 3*u - 7*u + o = 0. Is u a prime number?
True
Is 2630/(-25)*10/(-12)*33 composite?
True
Let k = -2803 + 11304. Is k a composite number?
False
Suppose 0 = 5*r + 4*i + 1713, -i + 4 = -3*i. Let s = r + 738. Suppose 0*b = -3*b + 5*a + s, -263 = -2*b + 5*a. Is b a composite number?
True
Let y(n) = n**3 - 4*n**2 + 3*n + 2. Let c be y(3). Suppose c*q - 889 = 3*f, -13*q - f = -9*q - 1771. Is q prime?
True
Suppose d + 3*b - 574 = 0, 0*d = -4*d - 4*b + 2320. Is d composite?
True
Suppose -99726 = -69*g + 47175. Is g a prime number?
True
Suppose 0 = -14*m - 12*m + 593242. Is m composite?
False
Let i be -3 + 10 + 9/(-3). Suppose 2*m - 718 = -i*s, -m - s = 4*s - 356. Is m prime?
False
Let k(q) = q + 8. Suppose 3 = 4*d - 4*h - 1, -18 = 2*d + 3*h. Let m be k(d). Suppose -m*r + y + 2500 = 0, -2042 + 570 = -3*r - 5*y. Is r prime?
True
Let c be (-1 - (0 + 2)) + -455. Let t = c - -669. Is t a prime number?
True
Let n be 14 - (2 - (-1 - -1)). Suppose -3*p = n, -2*t = -3*t - 2*p - 659. Let k = t - -2492. Is k a composite number?
True
Let u be 0 - (-11 - -5) - (-1 + 0). Let v(q) = -2*q - 8 + q - 2*q + 3*q**2. Is v(u) prime?
False
Suppose -2*v + f = -36, -4*v = -v - 4*f - 64. Suppose 11*c - v*c + 7355 = 0. Is c composite?
False
Let h(w) = -65*w**2 + 63*w**2 + 0 - 76*w**3 + 1. Let n be h(1). Is 4189/11 + (-14)/n a composite number?
True
Let v be (-2 - (-32)/12)/(3/25902). Suppose 2*d - v - 6186 = 0. Is d composite?
True
Let r = 2434 + -3594. Let b = 1629 + r. Is b a composite number?
True
Suppose -32245 = -5*f + 2*m, -4*f - 6674 + 32470 = -5*m. Is f prime?
True
Is (-5848)/340*(0 - (-1905)/(-6)) a prime number?
False
Let l(q) = -q**2 - 5*q + 4. Let h be l(-5). Suppose -h*c + 2*c - 2*d + 1672 = 0, c = d + 842. Is c prime?
True
Let v = 23 + -19. Suppose -151 = -y + 3*l, -660 = -4*y + 2*l - v*l. Is y a prime number?
True
Let m(w) = w**2 + w + 1. Suppose 8 = 4*q - 3*q. Let y = -3 + q. Is m(y) a prime number?
True
Let r be (216/90)/(4/10). Let m = r - 1. Suppose 4*h + 0*k + m*k - 466 = 0, -347 = -3*h - 5*k. Is h a prime number?
False
Let f = -9385 + 35052. Is f prime?
True
Suppose 0 = o - 4*h - 1351, -5*o - 4*h + 1682 + 5097 = 0. Suppose 2*s - g = 2719, -s + 6*g = 4*g - o. Is s a composite number?
False
Is -5 - ((-4)/38 + 8966914/(-209)) a composite number?
False
Let m(c) = -c**2 + 218. Let l be m(0). Suppose 3*r - r = l. Suppose 2*a - 4*q + 5*q - 71 = 0, 0 = -3*a - 2*q + r. Is a a prime number?
False
Let b = -37 + 33. Let o be (-6)/(-24) - 23/b. Suppose -o*l + 179 = -5*l. Is l a composite number?
False
Let k(l) = 38*l - 7. Let f(i) = 115*i - 20. Let o(b) = 4*f(b) - 11*k(b). Is o(7) prime?
False
Suppose 2*f = -4*t + 32, -2*t + 2*f - 2 + 6 = 0. Suppose 474 = t*n - 0*n. Is n a composite number?
False
Let l = -2679 - -10376. Is l composite?
True
Suppose 7*v - 1772 + 14365 = 0. Let f = v - -2886. Is f composite?
False
Let n = -12 + 18. Let f be (n/(-21))/(2/(-14)). Suppose -2*i - f*i + 1699 = 3*d, 2*i + 4*d = 842. Is i a composite number?
True
Suppose -2*n + 6 = 3*s - 3*n, 3*s = 2*n + 3. Suppose -s*a = -5*w - 0*a - 6, 0 = w + a + 6. Is (-1 + 75)*w/(-6) composite?
False
Let q(j) = -j**3 - 9*j**2 - j + 13. Let h be q(-9). Suppose 15 = p - h. Is p a composite number?
False
Is (-28)/266 - (-51612)/76 prime?
False
Let b = 14 + -12. Let x be (18 + 3254)*b/4. Suppose 5*v - v - x = 0. Is v prime?
True
Suppose 0 = 6*w - 10*w + 28. Let m(y) = -y**2 - w*y + 3*y**2 + 7 + 0*y**2. Is m(6) composite?
False
Let w = 17 + -16. Let u be w/(((-65)/2910)/(-13)). Suppose 0 = 9*p - 7*p - u. Is p a prime number?
False
Let t(s) = -3*s**3 + 2*s**2 + 7*s + 5. Let l(b) = b**2 - 9*b + 14. Let h(a) = -2*a - 6. Let m be h(-6). Let q be l(m). Is t(q) a prime number?
False
Let b = 3604 - -451. Is b a composite number?
True
Suppose 4*t = 6 + 10. Let y be 2/(8 - t)*-4. Is (243/(-2) + 3)*y a prime number?
False
Suppose -428 - 80 = -4*a + 4*q, 2*a - 256 = 4*q. Suppose -128 = -2*k + a. Let y = k - 78. Is y prime?
False
Suppose -4*i = d - 6039, -3*i = -3*d - 1180 - 3368. Is i a prime number?
True
Let z = -4654 + 7935. Is z composite?
True
Let f = -41 + -594. Let c = -256 - f. Is c composite?
False
Let s(c) be the first derivative of -c**3/3 - 3*c**2 + 3*c - 1. Let o be s(-6). Is 8/(-12) + 1673/o prime?
True
Let f(a) = 159*a**3 - a**2 - 4*a - 17. Is f(5) a composite number?
False
Let a = 58 + 46. Let j = -155 + a. Let z = 82 + j. Is z prime?
True
Suppose 5*i - 2*u - 8609 = 0, 5*u + 1 + 9 = 0. Is i a prime number?
True
Suppose 2085 = 2*v + z, -4*v + 4*z + 676 = -3476. Is v a composite number?
True
Suppose -2*f = 2*m - 2890 - 11108, -35011 = -5*m - f. Is m composite?
True
Let o(x) = -55*x + 2. Let l be o(4). Let a = l - -82. Let z = -89 - a. Is z a composite number?
False
Let d be (-1 - 14/(-4))*72/60. Suppose -5*v + 21623 = n - 5*n, -12990 = -d*v - 3*n. Is v composite?
False
Suppose -m + 2*m - 18 = 0. Suppose 22*h - 12*h = 1930. Suppose 5*x + m = 4*f - h, 0 = 5*f + 4*x - 315. Is f composite?
False
Let t(i) be the first derivative of 7*i**3 + 9*i**2/2 + 21*i - 3. Is t(-13) composite?
True
Is 24275 + (-5 - -1 - -10) a composite number?
False
Suppose -280 = -4*h + 4*s, 3*h - 164 = -5*s + 22. Is h prime?
True
Let o = 7623 - 4324. Is o a composite number?
False
Suppose -5*l + 14*h + 42075 = 9*h, 8423 = l + h. Is l a prime number?
True
Suppose 6*k = 15*k - 4*o - 604875, 3*k = -4*o + 201609. Is k prime?
False
Suppose -5*o + 107976 = 3*g - 87074, -195030 = -5*o + g. Is o a composite number?
True
Suppose 208 = 7*g - 6*g. Is (39/(-12))/((-4)/g) prime?
False
Let y = 48853 - 29480. Is y a prime number?
True
Suppose 0 = 2*k + 3 + 1. Let w = k + 16. Let j = w - -8. Is j a composite number?
True
Let i(p) = p**2 + 1. Let h be (-10)/(-15)*3/(-2). Let d be i(h). Suppose -d*r = 84 - 530. Is r a composite number?
False
Let f = -15 + 20. Suppose 5*p + 5*w - 580 = 2350, f*p = 3*w + 2962. Suppose 2*y + 0*y - p = 0. Is y a prime number?
False
Let m(p) = 53*p**3 - 2*p**2 + p - 5. Let j be 1/(3*3/18). Is m(j) a composite number?
True
Let t(r) = 57*r**2 - 29*r + 223. Is t(-23) prime?
False
Let u = -41 - -44. Suppose u*l + 38 = 5*l. Is l prime?
True
Suppose 0 = 8*n - 52 + 20. Suppose -n*y + 2*y - 541 = -5*j, -4*j - y = -438. Is j composite?
False
Suppose 355*g - 314*g - 212749 = 0. Is g composite?
False
Let y = 1147 - -5. Suppose 0 = 3*l + 2*p - 3451, l + p = -0*p + y. Is l a prime number?
False
Let j(q) be the second derivative of 4*q**4 - 17*q**2/2 - 24*q. Is j(-4) a composite number?
False
Suppose 31*a - 393745 = 20*a. Is a composite?
True
Let k = 37 + 382. Is k composite?
False
Let w be (-104)/(-1) - (-6 - -8). Let c = -19 - -10. Is ((-21)/c)/(2/w) a prime number?
False
Let z = 2243 - 1347. Suppose -861 - z = -7*x. Is x a composite number?
False
Let z(g) = 1664*g + 19. Let i be z(2). Let y = i - 1300. Is y a prime number?
False
Let r be (-10)/3*45/10. Let n = 332 + r. Is n a prime number?
True
Let o = 3 + 1. Suppose f - 5*g = 88 + 58, -f + o*g = -149. Suppose -f = -5*r + 114. Is r a composite number?
True
Let m(c) = 43*c**2 + 91*c - 515. Is m(6) composite?
False
Suppose 0 = -2*z + 4, 2*s + 5*z - 15 + 1 = 0. Suppose 0*v + s*v = 1370. Is v prime?
False
Is 2 - -2 - (-579)/(-1)*-1 composite?
True
Let j be 4 + -3 - (-1 + -4). Let r = 59 + 506. Suppose f + r = j*f. Is f a composite number?
False
Is (-12)/3*(-5)/20*571 composite?
False
Suppose -16 = -6*v + 2*v. Suppose v*q - 13 = 7. Suppose q*f - 136 = 469. Is f prime?
False
Is ((-11030)/(-15))/(6/9) composite?
False
Let a = 2223 + -253. Let d = a - 1057. Is d composite?
True
Let o(u) = 3256*u + 773. Is o(27) prime?
False
Let u = -2196 + 3937. Is u a co